 remainder when (-2)/(-10) - (-528)/10 is divided by 2 + (-17)/8 - (-17)/(1904/3150).
25
Let g = 3254 - 3194. Suppose -o = -3*o + 712. What is the remainder when o is divided by g?
56
Suppose 3*q = 5*f - 140, -2*f = -81*q + 80*q - 57. What is the remainder when 242 is divided by f?
25
Let x = -111 + 191. Suppose x = 5*u - u. Suppose 3*a + 4*z - 38 - 91 = 0, 165 = 4*a + 3*z. Calculate the remainder when a is divided by u.
19
Suppose -225 = 3*c - 5*w - 853, -5*c - 2*w + 1088 = 0. Calculate the remainder when c is divided by 26.
8
Calculate the remainder when (2/(-5) - -1)/(279/2299890) is divided by 55.
51
Let d(c) = 2*c**2 + 13*c - 5. Suppose 122*z - 835 = -319 + 1558. What is the remainder when d(-10) is divided by z?
14
Suppose -2*l - 3*v + 510 = -10146, -5*v = 0. Calculate the remainder when l is divided by 65.
63
Let g = -523 - -522. What is the remainder when (-31)/((-5)/g - 10 - -4) is divided by 2?
1
Suppose 2*f + 3 = -o, -f - 2*f - 6 = 2*o. Suppose -20*a + 8*a + 3528 = f. What is the remainder when a is divided by 11?
8
Let k be -14*73/(-2) - 1125/(-225). Let g = -475 + k. Suppose 0 = 5*q - q - 28. Calculate the remainder when g is divided by q.
6
Suppose 6653 - 15420 = -134*j + 10395. Let b(v) = -v**3 - 4*v**2 + 2*v + 1. What is the remainder when j is divided by b(-5)?
15
Let p = 862 - 708. Calculate the remainder when 319 is divided by p.
11
Suppose 19*x + 15780 = 31*x + 48*x. Calculate the remainder when 1042 is divided by x.
253
Let g(f) = 5*f**2 + 10. Let o(p) = -6*p**2 - 11. Let j(m) = 5*g(m) + 4*o(m). Let v = -127 + 124. Calculate the remainder when 43 is divided by j(v).
13
Let i(g) = -12*g + 76. Let k be i(5). Calculate the remainder when 29 is divided by (-7)/(35/(-10)) - k/(-2).
9
Calculate the remainder when 969 + 7 + (-54)/(-9) is divided by 322.
16
Let o = -68 - -113. Suppose -4*y + o = 829. Let i = 275 + y. Calculate the remainder when i is divided by 21.
16
Suppose -19*v + 13*v + 54 = 0. What is the remainder when (-1 - 5) + 738/v is divided by 66?
10
Suppose 5*a - 149 - 103 = -3*f, -3*a - 5*f + 148 = 0. Suppose -21 + 8 = -h. What is the remainder when a is divided by 52/(-2)*(-6)/(-1 + h)?
12
Let g = -140 + 168. Let h(z) = z**3 + 6*z**2 - 5*z - 7. Let p be h(-5). Calculate the remainder when g is divided by 4/16 + p/4.
6
What is the remainder when (-21*(-4)/14)/(10/1325) is divided by 133?
130
Suppose 6*h + 139 + 5 = 0. Let f be (-4 + 5)/((-6)/h). Suppose f*j - 3*j - 5*u = 41, 5*j = 4*u + 121. What is the remainder when j is divided by 16?
5
Let j(y) = -6*y + 19. Let x be j(-2). Suppose 3*g - x = 4*h, -g + 6*g = 3*h + 59. Suppose -56 - 64 = -5*i. Calculate the remainder when i is divided by g.
11
Let f = -35 - -153. Let z(r) = -24*r**3 + 8*r**2 + 31*r**3 - 8*r**3 - 5*r - 4. What is the remainder when f is divided by z(4)?
38
Let f = 5 - -3. What is the remainder when f is divided by (5 + 102/(-12))/(38/(-76))?
1
Let v(l) be the first derivative of l**3/2 + 23*l**2/2 - 13*l - 15. Let z(h) be the first derivative of v(h). What is the remainder when z(16) is divided by 24?
23
Suppose -25 = -4*g + 35. Suppose -1092 - 2095 = -3*r + w, 3*r + 4*w - 3182 = 0. Suppose 0 = 25*v - 7*v - r. Calculate the remainder when v is divided by g.
14
Let g = -4038 + 4065. Calculate the remainder when 69 is divided by g.
15
Let u = 439 + -435. Calculate the remainder when 290 is divided by 6/u + (-162)/(-4).
38
Suppose 0 = -4*c - 3*z - 734, -19*z = -c - 23*z - 177. Let j = -89 - c. What is the remainder when j is divided by 10?
6
Suppose -9237*w + 9262*w = 70925. What is the remainder when w is divided by 11?
10
Let s be 21/14 - (-6)/4. Suppose -5*d + s*d - 12 = 0. Let o = 6 - d. What is the remainder when 43 is divided by o?
7
Suppose -10*c = -27*c + 272. Let t(d) = -d**3 + 3*d**2 + 5*d - 4. Let g be t(3). Let u = c - g. Calculate the remainder when 8 is divided by u.
3
Suppose 0 = -78*y + 110*y - 340416. What is the remainder when y is divided by 304?
302
Let q = -16 - -41. Suppose 2*s = 3*s - q. Suppose k + z - 2366 = -2245, 15 = -5*z. Calculate the remainder when k is divided by s.
24
Let w = 9022 - 5905. What is the remainder when w is divided by 24?
21
What is the remainder when 6/(-51) - 365472/(-918) is divided by 19?
18
Suppose -18*j - 4*y + 6200 = -13*j, -5*j - 3*y = -6200. What is the remainder when j is divided by 23?
21
Suppose -6920*v + 6927*v - 1897 - 224 = 0. What is the remainder when v is divided by 91?
30
Let r be (4 + -2)/((-1)/2). Let b(s) = -5*s + 4. Let h = 611 - 518. Calculate the remainder when h is divided by b(r).
21
Let w = -252 - -843. What is the remainder when w is divided by 6142/415*1*5?
73
Let o(t) = t + 0*t + 21 + 6*t + 15*t**2 + 3*t. What is the remainder when o(-4) is divided by 37?
36
Let d(o) = -o**2 + 4. Let w be d(3). Let s(h) = h**2 + 4*h + 7. What is the remainder when (6/13)/(26/169) + 3 + (-37)/(-1) is divided by s(w)?
7
Let y(g) = 16*g - 3. Let c be (-6)/(-45) - (-6)/(-45) - -7. Let o be y(c). Let q = -73 + o. What is the remainder when 105 is divided by q?
33
Let n(x) = -x**2 - 12*x + 67. Let g be n(-16). Calculate the remainder when (g + 0)/(9/1650*5) is divided by 59.
51
Suppose 0 = 79*x - 78*x - 228. Suppose -463 + 15 = -4*a + 5*s, 3*a = 5*s + 331. Let t = a - 84. What is the remainder when x is divided by t?
30
Let s(v) = -743*v - 3804. What is the remainder when s(-6) is divided by 650?
4
Let f be (-3195)/(-153) + 30/(-34) + 1. Suppose -f*j + 9 = -306. Calculate the remainder when 19 is divided by j.
4
Let x(b) = 22*b**2 + 1649*b - 44. What is the remainder when 679 is divided by x(-75)?
28
Let b(n) = -19 - 30*n - 19 + 3*n**2 + 66 - 25. Calculate the remainder when 19 is divided by b(10).
1
Suppose 0 = -5*r + 3*q + 84, 3*r - 48 = -0*r + 3*q. Suppose 123 = 2*j - 3*z, 14*z = 2*j + 13*z - 113. Calculate the remainder when j is divided by r.
0
What is the remainder when 3395 is divided by 196/16 - (-31)/(-124)?
11
Let y(f) = f**3 + 19*f**2 - 18*f - 22. Let w be y(-20). Let j = w + 66. Calculate the remainder when -1 - ((j - 11) + -3) is divided by 7.
2
Let h = 1480 - 1390. Let c(m) = 24*m**2 - m. What is the remainder when h is divided by c(1)?
21
Suppose 3*d = 16 + 11. Suppose -u = -15*u + 560. Calculate the remainder when d is divided by 16/u + 66/10 + -3.
1
Let n(u) = -587*u - 3067. What is the remainder when n(-7) is divided by 3?
1
Suppose -283 = -53*j + 52*j. Let c = j + -266. What is the remainder when 185 is divided by c?
15
Let m = -18100 + 18477. Calculate the remainder when m is divided by 66.
47
Let z be (-4 + 1)*(3 + (-5)/(-3)). Let u = z - -26. Let x(j) = 5*j - 2. What is the remainder when x(9) is divided by u?
7
Suppose -3*a + 14*g - 9*g + 198 = 0, -g = -3*a + 198. Calculate the remainder when 13001 is divided by a.
65
Let c(b) = 13*b**3 + 2*b**2 - b. Let o(l) = -l**3 - 17*l**2 - 17*l - 80. Let i be o(-16). What is the remainder when (1 - -54)/((-4)/i*40) is divided by c(1)?
8
Let g(o) = 21*o**2 - 14*o + 47. What is the remainder when g(5) is divided by 56?
54
Suppose -3*v - 2*z + 355 = -13, 5*v + 6*z = 624. What is the remainder when 4799 is divided by v?
119
Let y = 4671 - 4590. Calculate the remainder when y is divided by 66.
15
Suppose -2*f = -3*f + 25. Let c = f + 55. Calculate the remainder when 81 is divided by 7/(35/c) - 4.
9
Suppose 28*c - 25183 = -24875. Suppose -3*g - g = -168. What is the remainder when g is divided by c?
9
Let r = -4710 - -4752. What is the remainder when 117 is divided by r?
33
Let j = -38 + 40. Suppose -58 = -j*p + 60. Let z = -51 + p. Calculate the remainder when 69 is divided by z.
5
Suppose j - 60 = -v + 135, 5*v - 1005 = j. Suppose 0 = -8*p + v + 184. What is the remainder when 333 is divided by p?
45
Let x be (-3)/(-12) + 90/24. Suppose -x*v = 2*v + 4824. What is the remainder when 46 is divided by 4/(-22) + v/(-66)?
10
Calculate the remainder when 1406 is divided by -39 + 32 - (-53 - 6).
2
Suppose 13*y + 5*r - 394 = 11*y, -5*y + r + 931 = 0. Calculate the remainder when 307 is divided by y.
120
Suppose 561*m - 562*m = -80. Calculate the remainder when 234 is divided by m.
74
Let x(g) = 119*g + 11032. Calculate the remainder when x(-86) is divided by 262.
12
Suppose -2*q + 6 = 0, 23*k + 172 = 27*k + 4*q. Suppose 0 = -3*f - 4*b + 215, -4*